{"id":19,"date":"2023-04-19T10:01:37","date_gmt":"2023-04-19T08:01:37","guid":{"rendered":"https:\/\/www.klima-plattform.at\/?page_id=19"},"modified":"2024-07-07T13:40:44","modified_gmt":"2024-07-07T11:40:44","slug":"datenschutzerklaerung-2","status":"publish","type":"page","link":"https:\/\/www.klima-plattform.at\/?page_id=19","title":{"rendered":"Datenschutzerkl\u00e4rung"},"content":{"rendered":"\t\t<div data-elementor-type=\"wp-page\" data-elementor-id=\"19\" class=\"elementor elementor-19\" data-elementor-post-type=\"page\">\n\t\t\t\t\t\t<section class=\"elementor-section elementor-top-section elementor-element elementor-element-39824e elementor-section-boxed elementor-section-height-default elementor-section-height-default\" data-id=\"39824e\" data-element_type=\"section\" data-e-type=\"section\">\n\t\t\t\t\t\t<div class=\"elementor-container elementor-column-gap-default\">\n\t\t\t\t\t<div class=\"elementor-column elementor-col-100 elementor-top-column elementor-element elementor-element-47e2bf2e\" data-id=\"47e2bf2e\" data-element_type=\"column\" data-e-type=\"column\">\n\t\t\t<div class=\"elementor-widget-wrap elementor-element-populated\">\n\t\t\t\t\t\t<div class=\"elementor-element elementor-element-ddca6fb elementor-widget elementor-widget-heading\" data-id=\"ddca6fb\" data-element_type=\"widget\" data-e-type=\"widget\" data-widget_type=\"heading.default\">\n\t\t\t\t<div class=\"elementor-widget-container\">\n\t\t\t\t\t<h2 class=\"elementor-heading-title elementor-size-default\">Datenschutzerkl\u00e4rung<\/h2>\t\t\t\t<\/div>\n\t\t\t\t<\/div>\n\t\t\t\t<div class=\"elementor-element elementor-element-493f5580 elementor-widget elementor-widget-text-editor\" data-id=\"493f5580\" data-element_type=\"widget\" data-e-type=\"widget\" data-widget_type=\"text-editor.default\">\n\t\t\t\t<div class=\"elementor-widget-container\">\n\t\t\t\t\t\t\t\t\t<p><\/p>\n<p>Der Schutz Ihrer Daten ist uns ein besonderes Anliegen. Wir verarbeiten Ihre Daten daher ausschlie\u00dflich auf Grundlage der gesetzlichen Bestimmungen (DSGVO, TKG). In diesen Datenschutzinformationen informieren wir Sie \u00fcber die wichtigsten Aspekte der Datenverarbeitung im Rahmen unserer Website.<\/p>\n<p><\/p>\n<p>Beim Besuch unserer Website wird Ihre IP-Adresse, Beginn und Ende der Sitzung f\u00fcr die Dauer dieser Sitzung erfasst. Dies ist aus technischen Gr\u00fcnden\u00a0erforderlich und stellt damit ein berechtigtes Interesse i.S.v. Art 6 Abs 1 lit f DSGVO dar. Soweit im Folgenden nichts anderes geregelt wird, werden diese Daten von uns nicht weiterverarbeitet.<\/p>\n<p><\/p>\n<p><strong>Kontaktdaten<\/strong><\/p>\n<p><\/p>\n<p>Verein der Klima- Modellregionen \u00d6sterreich<br \/>Gesch\u00e4ftsstelle: Galgenau 28, 4240 Freistadt<br \/>Gesch\u00e4ftsf\u00fchrung: Simon Klambauer | kontakt@klima-plattform.at | +43 664 437 47 66<br \/>Obfrau: Margit Krobath | margit.krobath@oekoregion-kaindorf.at | +43 664 837 33 07<br \/>Web: www.klima-plattform.at<\/p>\n<p><\/p>\n<p><strong>Kontakt mit uns<\/strong><\/p>\n<p><\/p>\n<p>Wenn Sie per Formular auf der Website oder per E-Mail-Kontakt mit uns aufnehmen, werden Ihre angegebenen Daten zwecks Bearbeitung der Anfrage und f\u00fcr den Fall von Anschlussfragen sechs Monate bei uns gespeichert. Dies ist ein berechtigtes Interesse i.S.d. DSGVO. Diese Daten geben wir nicht ohne Ihre Einwilligung weiter.<\/p>\n<p><\/p>\n<p><strong>Ihre Rechte<\/strong><\/p>\n<p><\/p>\n<p>Ihnen stehen bez\u00fcglich Ihrer von uns verarbeiteten Daten grunds\u00e4tzlich die Rechte auf Auskunft, Berichtigung, L\u00f6schung, Einschr\u00e4nkung, Daten\u00fcbertragbarkeit, Widerruf und Widerspruch zu. Wenn Sie glauben, dass die Verarbeitung Ihrer Daten gegen das Datenschutzrecht verst\u00f6\u00dft oder Ihre datenschutzrechtlichen Anspr\u00fcche sonst in einer Weise verletzt worden sind, k\u00f6nnen Sie sich bei uns\u00a0kontakt@klima-plattform.at oder der Datenschutzbeh\u00f6rde beschweren.<\/p>\n<p><\/p>\n<p>\u00d6sterreichische Datenschutzbeh\u00f6rde<br \/>Barichgasse 40-42, 1030 Wien, \u00d6sterreich<br \/>Tel.: +43 1 52 152-0, dsb@dsb.gv.at<\/p>\n<p><\/p>\n<p><strong>Matomo Analytics<\/strong><\/p>\n<p><\/p>\n<p>Mit Ihrer Einwilligung verwenden wir die Open-Source-Software Matomo zur Analyse und statistischen Auswertung der Nutzung der Website. Hierzu werden Cookies eingesetzt. Die dadurch erhaltenen Informationen \u00fcber die Websitenutzung werden ausschlie\u00dflich an unsere Server \u00fcbertragen und in pseudonymen Nutzungsprofilen zusammengefasst. Die Daten verwenden wir zur Auswertung der Nutzung der Website. Eine Weitergabe der erfassten Daten an Dritte erfolgt nicht. Die IP-Adressen werden anonymisiert (IPMasking), sodass eine Zuordnung zu einzelnen Nutzern nicht m\u00f6glich ist. Die Datenverarbeitung erfolgt auf Basis der gesetzlichen Bestimmungen des \u00a7\u00a0165\u00a0Abs\u00a03\u00a0TKG\u00a02021 sowie des Art 6 Abs 1 lit a (Einwilligung) der DSGVO.\u00a0 Wir verfolgen damit unser berechtigtes Interesse an der Optimierung unserer Webseite f\u00fcr unsere Au\u00dfendarstellung. Sie k\u00f6nnen Ihre Einwilligung jederzeit widerrufen, indem Sie die Cookies in Ihrem Browser l\u00f6schen oder Ihre Datenschutzeinstellungen \u00e4ndern.<\/p>\n<p><\/p>\n<p><strong>Cookies<\/strong><\/p>\n<p><\/p>\n<p>Unsere Website verwendet sogenannte Cookies. Dabei handelt es sich um kleine Textdateien, die mit Hilfe des Browsers auf Ihrem Endger\u00e4t abgelegt werden. Sie richten keinen Schaden an. Wir nutzen Cookies aus technischen Gr\u00fcnden, um unser Informationsangebot funktionst\u00fcchtig anbieten zu k\u00f6nnen. Einige Cookies bleiben auf Ihrem Endger\u00e4t gespeichert, bis Sie diese l\u00f6schen. Sie erm\u00f6glichen es uns, Ihren Browser beim n\u00e4chsten Besuch wiederzuerkennen. Bei Cookies, die im Cookie-Fenster als funktionsbedingt erforderlich gekennzeichnet sind, st\u00fctzen wir unsere Rechtsgrundlage auf unser berechtigtes Interesse (Art 6 Abs 1 lit f DSGVO), den Webauftritt benutzerfreundlich zu gestalten. Bei der Deaktivierung von Cookies kann die Funktionalit\u00e4t unserer Website eingeschr\u00e4nkt sein.<\/p>\n<p><\/p>\t\t\t\t\t\t\t\t<\/div>\n\t\t\t\t<\/div>\n\t\t\t\t\t<\/div>\n\t\t<\/div>\n\t\t\t\t\t<\/div>\n\t\t<\/section>\n\t\t\t\t<\/div>\n\t\t","protected":false},"excerpt":{"rendered":"<p>Datenschutzerkl\u00e4rung Der Schutz Ihrer Daten ist uns ein besonderes Anliegen. Wir verarbeiten Ihre Daten daher ausschlie\u00dflich auf Grundlage der gesetzlichen Bestimmungen (DSGVO, TKG). In diesen Datenschutzinformationen informieren wir Sie \u00fcber die wichtigsten Aspekte der Datenverarbeitung im Rahmen unserer Website. Beim Besuch unserer Website wird Ihre IP-Adresse, Beginn und Ende der Sitzung f\u00fcr die Dauer dieser [&hellip;]<\/p>\n","protected":false},"author":1,"featured_media":0,"parent":0,"menu_order":0,"comment_status":"closed","ping_status":"closed","template":"","meta":{"footnotes":""},"class_list":["post-19","page","type-page","status-publish","hentry"],"_links":{"self":[{"href":"https:\/\/www.klima-plattform.at\/index.php?rest_route=\/wp\/v2\/pages\/19","targetHints":{"allow":["GET"]}}],"collection":[{"href":"https:\/\/www.klima-plattform.at\/index.php?rest_route=\/wp\/v2\/pages"}],"about":[{"href":"https:\/\/www.klima-plattform.at\/index.php?rest_route=\/wp\/v2\/types\/page"}],"author":[{"embeddable":true,"href":"https:\/\/www.klima-plattform.at\/index.php?rest_route=\/wp\/v2\/users\/1"}],"replies":[{"embeddable":true,"href":"https:\/\/www.klima-plattform.at\/index.php?rest_route=%2Fwp%2Fv2%2Fcomments&post=19"}],"version-history":[{"count":13,"href":"https:\/\/www.klima-plattform.at\/index.php?rest_route=\/wp\/v2\/pages\/19\/revisions"}],"predecessor-version":[{"id":788,"href":"https:\/\/www.klima-plattform.at\/index.php?rest_route=\/wp\/v2\/pages\/19\/revisions\/788"}],"wp:attachment":[{"href":"https:\/\/www.klima-plattform.at\/index.php?rest_route=%2Fwp%2Fv2%2Fmedia&parent=19"}],"curies":[{"name":"wp","href":"https:\/\/api.w.org\/{rel}","templated":true}]}}

Datenschutzerklärung

<div data-elementor-type="wp-page" data-elementor-id="19" class="elementor elementor-19" data-elementor-post-type="page">
						<section class="elementor-section elementor-top-section elementor-element elementor-element-39824e elementor-section-boxed elementor-section-height-default elementor-section-height-default" data-id="39824e" data-element_type="section" data-e-type="section">
						<div class="elementor-container elementor-column-gap-default">
					<div class="elementor-column elementor-col-100 elementor-top-column elementor-element elementor-element-47e2bf2e" data-id="47e2bf2e" data-element_type="column" data-e-type="column">
			<div class="elementor-widget-wrap elementor-element-populated">
						<div class="elementor-element elementor-element-ddca6fb elementor-widget elementor-widget-heading" data-id="ddca6fb" data-element_type="widget" data-e-type="widget" data-widget_type="heading.default">
				<div class="elementor-widget-container">
					<h2 class="elementor-heading-title elementor-size-default">Datenschutzerklärung</h2>				</div>
				</div>
				<div class="elementor-element elementor-element-493f5580 elementor-widget elementor-widget-text-editor" data-id="493f5580" data-element_type="widget" data-e-type="widget" data-widget_type="text-editor.default">
				<div class="elementor-widget-container">
									<p></p>
<p>Der Schutz Ihrer Daten ist uns ein besonderes Anliegen. Wir verarbeiten Ihre Daten daher ausschließlich auf Grundlage der gesetzlichen Bestimmungen (DSGVO, TKG). In diesen Datenschutzinformationen informieren wir Sie über die wichtigsten Aspekte der Datenverarbeitung im Rahmen unserer Website.</p>
<p></p>
<p>Beim Besuch unserer Website wird Ihre IP-Adresse, Beginn und Ende der Sitzung für die Dauer dieser Sitzung erfasst. Dies ist aus technischen Gründen erforderlich und stellt damit ein berechtigtes Interesse i.S.v. Art 6 Abs 1 lit f DSGVO dar. Soweit im Folgenden nichts anderes geregelt wird, werden diese Daten von uns nicht weiterverarbeitet.</p>
<p></p>
<p><strong>Kontaktdaten</strong></p>
<p></p>
<p>Verein der Klima- Modellregionen Österreich<br />Geschäftsstelle: Galgenau 28, 4240 Freistadt<br />Geschäftsführung: Simon Klambauer | kontakt@klima-plattform.at | +43 664 437 47 66<br />Obfrau: Margit Krobath | margit.krobath@oekoregion-kaindorf.at | +43 664 837 33 07<br />Web: www.klima-plattform.at</p>
<p></p>
<p><strong>Kontakt mit uns</strong></p>
<p></p>
<p>Wenn Sie per Formular auf der Website oder per E-Mail-Kontakt mit uns aufnehmen, werden Ihre angegebenen Daten zwecks Bearbeitung der Anfrage und für den Fall von Anschlussfragen sechs Monate bei uns gespeichert. Dies ist ein berechtigtes Interesse i.S.d. DSGVO. Diese Daten geben wir nicht ohne Ihre Einwilligung weiter.</p>
<p></p>
<p><strong>Ihre Rechte</strong></p>
<p></p>
<p>Ihnen stehen bezüglich Ihrer von uns verarbeiteten Daten grundsätzlich die Rechte auf Auskunft, Berichtigung, Löschung, Einschränkung, Datenübertragbarkeit, Widerruf und Widerspruch zu. Wenn Sie glauben, dass die Verarbeitung Ihrer Daten gegen das Datenschutzrecht verstößt oder Ihre datenschutzrechtlichen Ansprüche sonst in einer Weise verletzt worden sind, können Sie sich bei uns kontakt@klima-plattform.at oder der Datenschutzbehörde beschweren.</p>
<p></p>
<p>Österreichische Datenschutzbehörde<br />Barichgasse 40-42, 1030 Wien, Österreich<br />Tel.: +43 1 52 152-0, dsb@dsb.gv.at</p>
<p></p>
<p><strong>Matomo Analytics</strong></p>
<p></p>
<p>Mit Ihrer Einwilligung verwenden wir die Open-Source-Software Matomo zur Analyse und statistischen Auswertung der Nutzung der Website. Hierzu werden Cookies eingesetzt. Die dadurch erhaltenen Informationen über die Websitenutzung werden ausschließlich an unsere Server übertragen und in pseudonymen Nutzungsprofilen zusammengefasst. Die Daten verwenden wir zur Auswertung der Nutzung der Website. Eine Weitergabe der erfassten Daten an Dritte erfolgt nicht. Die IP-Adressen werden anonymisiert (IPMasking), sodass eine Zuordnung zu einzelnen Nutzern nicht möglich ist. Die Datenverarbeitung erfolgt auf Basis der gesetzlichen Bestimmungen des § 165 Abs 3 TKG 2021 sowie des Art 6 Abs 1 lit a (Einwilligung) der DSGVO.  Wir verfolgen damit unser berechtigtes Interesse an der Optimierung unserer Webseite für unsere Außendarstellung. Sie können Ihre Einwilligung jederzeit widerrufen, indem Sie die Cookies in Ihrem Browser löschen oder Ihre Datenschutzeinstellungen ändern.</p>
<p></p>
<p><strong>Cookies</strong></p>
<p></p>
<p>Unsere Website verwendet sogenannte Cookies. Dabei handelt es sich um kleine Textdateien, die mit Hilfe des Browsers auf Ihrem Endgerät abgelegt werden. Sie richten keinen Schaden an. Wir nutzen Cookies aus technischen Gründen, um unser Informationsangebot funktionstüchtig anbieten zu können. Einige Cookies bleiben auf Ihrem Endgerät gespeichert, bis Sie diese löschen. Sie ermöglichen es uns, Ihren Browser beim nächsten Besuch wiederzuerkennen. Bei Cookies, die im Cookie-Fenster als funktionsbedingt erforderlich gekennzeichnet sind, stützen wir unsere Rechtsgrundlage auf unser berechtigtes Interesse (Art 6 Abs 1 lit f DSGVO), den Webauftritt benutzerfreundlich zu gestalten. Bei der Deaktivierung von Cookies kann die Funktionalität unserer Website eingeschränkt sein.</p>
<p></p>								</div>
				</div>
					</div>
		</div>
					</div>
		</section>
				</div>

<p>Datenschutzerklärung Der Schutz Ihrer Daten ist uns ein besonderes Anliegen. Wir verarbeiten Ihre Daten daher ausschließlich auf Grundlage der gesetzlichen Bestimmungen (DSGVO, TKG). In diesen Datenschutzinformationen informieren wir Sie über die wichtigsten Aspekte der Datenverarbeitung im Rahmen unserer Website. Beim Besuch unserer Website wird Ihre IP-Adresse, Beginn und Ende der Sitzung für die Dauer dieser [&hellip;]</p>
